False
Is 14171 a multiple of 17?
False
Is 2192098 a multiple of 544?
False
Does 69 divide 9116078?
False
Does 1202 divide 5427261?
False
Is 175 a factor of 36750?
True
Does 82 divide 478962?
True
Is 15 a factor of 75549?
False
Is 24 a factor of 69024?
True
Is 17 a factor of 114104?
True
Is 30529564 a multiple of 52?
True
Does 183 divide 78177?
False
Is 29 a factor of 202710?
True
Does 275 divide 5299525?
True
Is 116688 a multiple of 204?
True
Does 128 divide 1801856?
True
Is 73 a factor of 3008184?
True
Is 28 a factor of 1696608?
False
Is 32 a factor of 261293?
False
Is 5 a factor of 70171?
False
Is 6705350 a multiple of 25?
True
Does 7 divide 156373?
True
Does 101 divide 582325?
False
Is 2178133 a multiple of 199?
False
Is 29 a factor of 565432?
False
Does 409 divide 362783?
True
Is 3145834 a multiple of 3?
False
Does 43 divide 757744?
False
Is 217834 a multiple of 57?
False
Is 4 a factor of 60550?
False
Is 8106979 a multiple of 33?
False
Is 3 a factor of 2456021?
False
Is 366432 a multiple of 44?
True
Is 1400714 a multiple of 40?
False
Does 10 divide 4909556?
False
Is 8826096 a multiple of 10?
False
Is 4 a factor of 1784?
True
Does 14 divide 601430?
False
Does 40 divide 17720?
True
Is 352300 a multiple of 325?
True
Is 71 a factor of 783627?
True
Is 603674 a multiple of 3?
False
Is 4 a factor of 13712?
True
Is 451521 a multiple of 21?
True
Does 6 divide 2040320?
False
Is 92 a factor of 6610192?
False
Is 78 a factor of 399204?
True
Is 6 a factor of 2260495?
False
Is 289 a factor of 6262341?
True
Is 2102114 a multiple of 1240?
False
Does 269 divide 569473?
True
Does 130 divide 1237470?
True
Is 2906848 a multiple of 1064?
True
Is 1678860 a multiple of 54?
True
Is 154866 a multiple of 159?
True
Does 299 divide 2718209?
True
Is 1488543 a multiple of 21?
True
Does 33 divide 916879?
False
Is 49 a factor of 1879199?
True
Does 207 divide 233703?
True
Is 476 a factor of 770168?
True
Is 58 a factor of 190666?
False
Does 114 divide 97154?
False
Does 19 divide 47633?
True
Does 97 divide 89127?
False
Is 9 a factor of 76418?
False
Is 16 a factor of 1098560?
True
Does 184 divide 728088?
True
Does 14 divide 1662150?
True
Does 14 divide 388486?
True
Is 126815 a multiple of 13?
True
Does 304 divide 106096?
True
Is 359 a factor of 798775?
True
Is 13 a factor of 113100?
True
Is 205 a factor of 195370?
False
Does 227 divide 207030?
False
Is 1172594 a multiple of 346?
True
Does 237 divide 510261?
True
Is 7 a factor of 984879?
True
Does 15 divide 562465?
False
Is 2020178 a multiple of 17?
True
Is 57 a factor of 31825?
False
Is 103037 a multiple of 6?
False
Is 410 a factor of 528312?
False
Is 1093358 a multiple of 1270?
False
Does 1065 divide 7896150?
False
Does 35 divide 13860?
True
Is 336 a factor of 2416042?
False
Is 1116802 a multiple of 34?
False
Is 60282 a multiple of 51?
True
Is 9386994 a multiple of 24?
False
Does 11 divide 304620?
False
Does 385 divide 4038910?
False
Is 116668 a multiple of 10?
False
Is 51 a factor of 10994376?
True
Is 685098 a multiple of 11?
False
Is 35692 a multiple of 39?
False
Is 837 a factor of 7124785?
False
Is 595 a factor of 59500?
True
Is 29523 a multiple of 8?
False
Does 158 divide 153735?
False
Does 19 divide 1474818?
True
Is 209510 a multiple of 10?
True
Is 5929792 a multiple of 22?
True
Is 171727 a multiple of 91?
False
Does 50 divide 368400?
True
Is 824690 a multiple of 233?
False
Is 507456 a multiple of 78?
False
Does 164 divide 1978496?
True
Is 14734543 a multiple of 27?
False
Does 8 divide 147600?
True
Is 114 a factor of 100092?
True
Is 233 a factor of 28845?
False
Is 118561 a multiple of 19?
False
Is 4103836 a multiple of 244?
True
Is 2552 a multiple of 58?
True
Is 1245 a factor of 9188100?
True
Does 1162 divide 652008?
False
Is 20 a factor of 63098?
False
Does 36 divide 837504?
True
Does 266 divide 927010?
True
Is 6443565 a multiple of 285?
True
Is 5619456 a multiple of 288?
True
Is 4180127 a multiple of 10?
False
Is 373174 a multiple of 116?
False
Is 132579 a multiple of 43?
False
Is 12 a factor of 2119609?
False
Is 48639 a multiple of 93?
True
Is 15291243 a multiple of 22?
False
Is 91508 a multiple of 13?
False
Does 18 divide 111168?
True
Is 7 a factor of 23173542?
True
Does 8 divide 2836176?
True
Is 52311 a multiple of 230?
False
Does 17 divide 62147?
False
Is 383466 a multiple of 519?
False
Is 17 a factor of 30460?
False
Is 114 a factor of 55441?
False
Does 36 divide 29340?
True
Does 11 divide 1055233?
False
Does 126 divide 377862?
False
Does 7 divide 1908564?
True
Is 138816 a multiple of 16?
True
Is 22 a factor of 14652?
True
Does 1573 divide 6688521?
False
Does 363 divide 768108?
True
Does 9 divide 97299?
True
Is 63167 a multiple of 86?
False
Is 33 a factor of 41151?
True
Is 25 a factor of 520625?
True
Is 10 a factor of 74600?
True
Is 963521 a multiple of 11?
False
Is 446800 a multiple of 17?
False
Is 174 a factor of 10962?
True
Does 312 divide 95194?
False
Is 441670 a multiple of 29?
True
Is 2187315 a multiple of 45?
True
Is 28 a factor of 528192?
True
Does 191 divide 49812?
False
Does 27 divide 18846?
True
Is 128918 a multiple of 10?
False
Does 185 divide 3005880?
True
Is 23664 a multiple of 16?
True
Does 678 divide 10439166?
True
Does 95 divide 220979?
False
Does 13 divide 715156?
True
Does 1263 divide 6957203?
False
Is 734668 a multiple of 283?
True
Does 17 divide 16600569?
False
Does 216 divide 304776?
True
Does 101 divide 2464893?
False
Is 2932830 a multiple of 269?
False
Is 71 a factor of 2246546?
False
Does 5 divide 30345?
True
Is 157158 a multiple of 9?
True
Is 6536499 a multiple of 48?
False
Does 28 divide 190008?
True
Is 16 a factor of 87967?
False
Is 180 a factor of 582300?
True
Is 488 a factor of 5737904?
True
Does 18 divide 242414?
False
Is 522945 a multiple of 6?
False
Does 21 divide 2006722?
False
Does 15 divide 248483?
False
Is 37 a factor of 7911488?
True
Is 1152 a factor of 7816320?
True
Is 19 a factor of 454100?
True
Is 16 a factor of 37544?
False
Does 884 divide 15646199?
False
Is 5961612 a multiple of 321?
True
Does 550 divide 19717500?
True
Is 5234551 a multiple of 676?
False
Does 63 divide 4616202?
False
Does 42 divide 209496?
True
Is 345 a factor of 258228?
False
Is 14495 a multiple of 3?
False
Does 31 divide 187810?
False
Is 668090 a multiple of 225?
False
Does 20 divide 650700?
True
Is 10205689 a multiple of 39?
False
Does 377 divide 1245985?
True
Does 12 divide 47016?
True
Is 68 a factor of 588540?
True
Is 46292 a multiple of 17?
False
Is 3103232 a multiple of 19?
True
Is 17 a factor of 868557?
False
Is 3344941 a multiple of 27?
False
Does 2 divide 244386?
True
Is 39 a factor of 71955?
True
Is 87535 a multiple of 305?
True
Is 55616 a multiple of 316?
True
Is 41442 a multiple of 5?
False
Does 332 divide 8793684?
True
Is 1098456 a multiple of 158?
False
Is 6 a factor of 1465?
False
Is 4189245 a multiple of 11?
False
Is 75001 a multiple of 419?
True
Is 30 a factor of 6711750?
True
Is 7974 a multiple of 6?
True
Is 977108 a multiple of 1166?
True
Is 18 a factor of 617418?
True
Is 21938800 a multiple of 104?
True
Is 119 a factor of 3310580?
True
Does 6 divide 385098?
True
Does 7 divide 8128555?
False
Is 728266 a multiple of 6?
False
Is 636 a factor of 307188?
True
Is 413612 a multiple of 212?
True
Is 13395991 a multiple of 521?
False
Does 93 divide 125085?
True
Is 29 a factor of 421825?
False
Is 5 a factor of 6441865?
True
Does 149 divide 103410?
False
Does 5 divide 93883?
False
Is 3270 even?
True
Is 21 a factor of 22722?
True
Is 8 a factor of 4167656?
True
Is 884520 a multiple of 780?
True
Is 42 a factor of 1544704?
False
Is 177 a factor of 1964523?
True
Does 16 divide 89328?
True
Is 7322539 a multiple of 12?
False
Does 179 divide 979402?
False
Is 286764 a multiple of 13?
False
Is 96 a factor of 4265099?
False
Is 102196 a multiple of 4?
True
Is 23 a factor of 423706?
True
Does 734 divide 8060054?
True
Is 5968971 a multiple of 21?
False
Is 749 a factor of 8603014?
True
Is 11 a factor of 423145?
False
Is 5648691 a multiple of 526?
False
Is 594214 a multiple of 199?
True
Is 901 a factor of 300033?
True
Is 184948 a multiple of 10?
False
Does 95 divide 780170?
False
Is 97 a factor of 77212?
True
Is 12808864 a multiple of 82?
False
Is 1061 a factor of 4669461?
True
Is 10 a factor of 961782?
Fal